the units digit of 55078255?
5
What is the millions digit of 500727879?
0
What is the units digit of 1093723470?
0
What is the hundred thousands digit of 1335611123?
6
What is the hundred millions digit of 655496268?
6
What is the ten thousands digit of 37692815?
9
What is the hundreds digit of 742768?
7
What is the billions digit of 1247011455?
1
What is the ten millions digit of 48521558?
4
What is the units digit of 74990463?
3
What is the thousands digit of 204838532?
8
What is the hundreds digit of 1923027806?
8
What is the ten thousands digit of 5083199039?
9
What is the hundred thousands digit of 6099183?
0
What is the hundred millions digit of 7309959651?
3
What is the millions digit of 149040205?
9
What is the thousands digit of 283890818?
0
What is the ten millions digit of 93081071?
9
What is the tens digit of 80588959?
5
What is the tens digit of 219533237?
3
What is the units digit of 31972635?
5
What is the units digit of 1287415236?
6
What is the thousands digit of 2117939339?
9
What is the millions digit of 1598945915?
8
What is the ten thousands digit of 32668302?
6
What is the units digit of 2189713?
3
What is the hundreds digit of 1237548642?
6
What is the tens digit of 3240789?
8
What is the hundreds digit of 1253797?
7
What is the ten millions digit of 1947044411?
4
What is the hundred millions digit of 9481609099?
4
What is the hundred thousands digit of 969759111?
7
What is the hundreds digit of 852415174?
1
What is the hundred millions digit of 342511269?
3
What is the ten millions digit of 59935333?
5
What is the hundred thousands digit of 125318743?
3
What is the hundred millions digit of 798630706?
7
What is the thousands digit of 9802839?
2
What is the ten millions digit of 95052344?
9
What is the ten thousands digit of 1998252077?
5
What is the hundred thousands digit of 662298769?
2
What is the ten thousands digit of 245714707?
1
What is the millions digit of 98823038?
8
What is the thousands digit of 3017562015?
2
What is the hundreds digit of 411739566?
5
What is the tens digit of 1893347247?
4
What is the units digit of 67386577?
7
What is the millions digit of 87275140?
7
What is the hundred millions digit of 388744053?
3
What is the units digit of 4298287?
7
What is the thousands digit of 497984781?
4
What is the hundreds digit of 329903421?
4
What is the hundred millions digit of 2058139542?
0
What is the ten millions digit of 98285133?
9
What is the hundred thousands digit of 7631920392?
9
What is the millions digit of 24562437?
4
What is the thousands digit of 28312637?
2
What is the hundred thousands digit of 6440858?
4
What is the hundreds digit of 55921693?
6
What is the ten millions digit of 51303442?
5
What is the tens digit of 56498261?
6
What is the tens digit of 81638544?
4
What is the units digit of 43934723?
3
What is the ten thousands digit of 31666660?
6
What is the hundreds digit of 16947961?
9
What is the ten millions digit of 46615411?
4
What is the ten thousands digit of 1468626786?
2
What is the ten millions digit of 36126288?
3
What is the hundreds digit of 412720687?
6
What is the ten millions digit of 94320433?
9
What is the tens digit of 55869670?
7
What is the millions digit of 42803083?
2
What is the thousands digit of 3020456154?
6
What is the units digit of 28030970?
0
What is the tens digit of 3367111541?
4
What is the ten thousands digit of 21316046?
1
What is the hundred millions digit of 3333696247?
3
What is the thousands digit of 1162756961?
6
What is the hundreds digit of 98034745?
7
What is the units digit of 33188725?
5
What is the thousands digit of 7837413019?
3
What is the hundred thousands digit of 176331215?
3
What is the ten thousands digit of 292381365?
8
What is the hundred thousands digit of 42518227?
5
What is the hundred millions digit of 350489831?
3
What is the hundred millions digit of 1828600125?
8
What is the thousands digit of 263181517?
1
What is the units digit of 10365659?
9
What is the thousands digit of 235758569?
8
What is the tens digit of 30747784?
8
What is the hundred thousands digit of 542315251?
3
What is the thousands digit of 2333096137?
6
What is the hundred millions digit of 310968478?
3
What is the ten millions digit of 75859817?
7
What is the units digit of 146563256?
6
What is the ten millions digit of 69579153?
6
What is the ten millions digit of 170890321?
7
What is the ten millions digit of 111840526?
1
What is the hundred millions digit of 2287794132?
2
What is the thousands digit of 1140198637?
8
What is the hundred millions digit of 115131439?
1
What is the thousands digit of 109879407?
9
What is the hundred millions digit of 1266947588?
2
What is the thousands digit of 168952502?
2
What is the thousands digit of 669974180?
4
What is the hundred millions digit of 244401718?
2
What is the billions digit of 2948614672?
2
What is the billions digit of 8202339234?
8
What is the millions digit of 2270084645?
0
What is the ten thousands digit of 29259585?
5
What is the ten millions digit of 70710614?
7
What is the units digit of 1152226951?
1
What is the units digit of 83306113?
3
What is the hundreds digit of 30475469?
4
What is the ten thousands digit of 5785204?
8
What is the ten thousands digit of 1070013179?
1
What is the millions digit of 59712450?
9
What is the units digit of 31464674?
4
What is the hundreds digit of 179006825?
8
What is the hundred millions digit of 112473590?
1
What is the hundred thousands digit of 3589849630?
8
What is the ten thousands digit of 108005251?
0
What is the millions digit of 2851120525?
1
What is the hundred thousands digit of 15352931?
3
What is the hundreds digit of 297160272?
2
What is the hundred millions digit of 965352008?
9
What is the ten thousands digit of 385846984?
4
What is the hundred thousands digit of 214244701?
2
What is the units digit of 2546824308?
8
What is the thousands digit of 114000182?
0
What is the millions digit of 283790634?
3
What is the thousands digit of 44405919?
5
What is the millions digit of 7013597939?
3
What is the ten millions digit of 20463990?
2
What is the hundreds digit of 45985754?
7
What is the hundreds digit of 109833663?
6
What is the ten millions digit of 46278725?
4
What is the ten millions digit of 4122463301?
2
What is the units digit of 430502844?
4
What is the hundreds digit of 28201519?
5
What is the hundred millions digit of 322015636?
3
What is the hundred thousands digit of 699469732?
4
What is the thousands digit of 55121485?
1
What is the millions digit of 127788694?
7
What is the millions digit of 70505201?
0
What is the units digit of 81609521?
1
What is the hundreds digit of 835171634?
6
What is the millions digit of 2644687273?
4
What is the ten millions digit of 206641454?
0
What is the hundred millions digit of 631733736?
6
What is the hundred thousands digit of 2672279386?
2
What is the ten thousands digit of 38491034?
9
What is the millions digit of 1702549310?
2
What is the hundreds digit of 105246599?
5
What is the ten thousands digit of 887138893?
3
What is the units digit of 1588971440?
0
What is the ten millions digit of 763428693?
6
What is the hundred thousands digit of 2460109032?
1
What is the tens digit of 33081436?
3
What is the units digit of 532410322?
2
What is the millions digit of 43153926?
3
What is the units digit of 22807028?
8
What is the hundred thousands digit of 4128000671?
0
What is the ten thousands digit of 32115116?
1
What is the ten millions digit of 318803346?
1
What is the ten millions digit of 98806270?
9
What is the units digit of 44368671?
1
What is the thousands digit of 2807045990?
5
What is the ten millions digit of 370839268?
7
What is the hundreds digit of 106806968?
9
What is the units digit of 5297467127?
7
What is the thousands digit of 92305169?
5
What is the thousands digit of 4539837867?
7
What is the hundreds digit of 2254557?
5
What is the hundreds digit of 332752239?
2
What is the hundreds digit of 254281302?
3
What is the hundred thousands digit of 26442062?
4
What is the ten thousands digit of 332696985?
9
What is the ten millions digit of 42722049?
4
What is the hundred millions digit of 376899726?
3
What is the ten thousands digit of 2597614667?
1
What is the units digit of 234